{"id":14,"date":"2014-03-27T10:52:56","date_gmt":"2014-03-27T10:52:56","guid":{"rendered":"http:\/\/kc-motors.com\/web\/?page_id=14"},"modified":"2015-09-25T08:38:16","modified_gmt":"2015-09-25T08:38:16","slug":"la-empresa","status":"publish","type":"page","link":"http:\/\/kc-motors.com\/web\/","title":{"rendered":"La Empresa"},"content":{"rendered":"<p><strong>Qui\u00e9nes somos?<\/strong><br \/>\n<strong>\u00a0<\/strong><br \/>\n<strong>KC-MOTORS es una empresa con varios a\u00f1os de experiencia en el sector del motor, y profesionales del Buggy y del Quad.<\/strong><\/p>\n<p style=\"text-align: justify;\">Somos importadores mayoristas que vendemos tanto a particulares como a comerciantes, teniendo una amplia representacion de nuestros productos por la gran parte de nuestro territorio nacional, siempre contando con la mejor relaci\u00f3n calidad precio, y escogiendo minuciosamente nuestros representantes y distribuidores.<\/p>\n<p style=\"text-align: justify;\">Para poder dar al usuario el mejor servicio postventa, los veh\u00edculos que les presentamos en esta Web, han sido seleccionados despu\u00e9s de probar m\u00e1s de 20 modelos distintos, para poder ofrecerle la m\u00e1xima calidad.<\/p>\n<p><strong style=\"color: #000000; line-height: 1.5em;\">\u00a0Nuevos Productos<\/strong><\/p>\n<table class=\"aligncenter\" style=\"border: none; padding-left: 20%;\">\n<tbody>\n<tr>\n<td><a href=\"http:\/\/repuestosdebuggy.com\/tienda\/index.php?id_product=372&amp;controller=product&amp;id_lang=3\"><img loading=\"lazy\" decoding=\"async\" class=\"alignnone wp-image-122 size-thumbnail\" src=\"http:\/\/kc-motors.com\/web\/wp-content\/uploads\/2014\/03\/roja-150x150.jpg\" alt=\"\" width=\"150\" height=\"150\" srcset=\"http:\/\/kc-motors.com\/web\/wp-content\/uploads\/2014\/03\/roja-150x150.jpg 150w, http:\/\/kc-motors.com\/web\/wp-content\/uploads\/2014\/03\/roja-300x300.jpg 300w, http:\/\/kc-motors.com\/web\/wp-content\/uploads\/2014\/03\/roja-270x270.jpg 270w, http:\/\/kc-motors.com\/web\/wp-content\/uploads\/2014\/03\/roja-230x230.jpg 230w, http:\/\/kc-motors.com\/web\/wp-content\/uploads\/2014\/03\/roja.jpg 900w\" sizes=\"auto, (max-width: 150px) 100vw, 150px\" \/><\/a><\/p>\n<p style=\"text-align: center;\">Segway &#8211; Skate Electrico<\/p>\n<\/td>\n<td><a href=\"http:\/\/repuestosdebuggy.com\/tienda\/index.php?id_product=374&amp;controller=product&amp;id_lang=3\"><img loading=\"lazy\" decoding=\"async\" class=\"alignnone wp-image-126 size-thumbnail\" src=\"http:\/\/kc-motors.com\/web\/wp-content\/uploads\/2014\/03\/2-Wheel-Smart-Balance-Electric-Scooter-Hoverboard-Motorized-Skateboard-Standing-Skate-Hover-Board-Dorado-150x150.jpg\" alt=\"\" width=\"150\" height=\"150\" srcset=\"http:\/\/kc-motors.com\/web\/wp-content\/uploads\/2014\/03\/2-Wheel-Smart-Balance-Electric-Scooter-Hoverboard-Motorized-Skateboard-Standing-Skate-Hover-Board-Dorado-150x150.jpg 150w, http:\/\/kc-motors.com\/web\/wp-content\/uploads\/2014\/03\/2-Wheel-Smart-Balance-Electric-Scooter-Hoverboard-Motorized-Skateboard-Standing-Skate-Hover-Board-Dorado-300x300.jpg 300w, http:\/\/kc-motors.com\/web\/wp-content\/uploads\/2014\/03\/2-Wheel-Smart-Balance-Electric-Scooter-Hoverboard-Motorized-Skateboard-Standing-Skate-Hover-Board-Dorado-270x270.jpg 270w, http:\/\/kc-motors.com\/web\/wp-content\/uploads\/2014\/03\/2-Wheel-Smart-Balance-Electric-Scooter-Hoverboard-Motorized-Skateboard-Standing-Skate-Hover-Board-Dorado-230x230.jpg 230w, http:\/\/kc-motors.com\/web\/wp-content\/uploads\/2014\/03\/2-Wheel-Smart-Balance-Electric-Scooter-Hoverboard-Motorized-Skateboard-Standing-Skate-Hover-Board-Dorado.jpg 800w\" sizes=\"auto, (max-width: 150px) 100vw, 150px\" \/><\/a><\/p>\n<p style=\"text-align: center;\">Segway &#8211; Skate Electrico<\/p>\n<\/td>\n<td><a href=\"http:\/\/repuestosdebuggy.com\/tienda\/index.php?id_category=69&amp;controller=category&amp;id_lang=3\"><img loading=\"lazy\" decoding=\"async\" class=\"alignnone wp-image-124 size-thumbnail\" src=\"http:\/\/kc-motors.com\/web\/wp-content\/uploads\/2014\/03\/2-Wheel-Smart-Balance-Electric-Scooter-Hoverboard-Motorized-Skateboard-Standing-Skate-Hover-Board-colores-150x150.jpg\" alt=\"\" width=\"150\" height=\"150\" srcset=\"http:\/\/kc-motors.com\/web\/wp-content\/uploads\/2014\/03\/2-Wheel-Smart-Balance-Electric-Scooter-Hoverboard-Motorized-Skateboard-Standing-Skate-Hover-Board-colores-150x150.jpg 150w, http:\/\/kc-motors.com\/web\/wp-content\/uploads\/2014\/03\/2-Wheel-Smart-Balance-Electric-Scooter-Hoverboard-Motorized-Skateboard-Standing-Skate-Hover-Board-colores-300x300.jpg 300w, http:\/\/kc-motors.com\/web\/wp-content\/uploads\/2014\/03\/2-Wheel-Smart-Balance-Electric-Scooter-Hoverboard-Motorized-Skateboard-Standing-Skate-Hover-Board-colores-270x270.jpg 270w, http:\/\/kc-motors.com\/web\/wp-content\/uploads\/2014\/03\/2-Wheel-Smart-Balance-Electric-Scooter-Hoverboard-Motorized-Skateboard-Standing-Skate-Hover-Board-colores-230x230.jpg 230w, http:\/\/kc-motors.com\/web\/wp-content\/uploads\/2014\/03\/2-Wheel-Smart-Balance-Electric-Scooter-Hoverboard-Motorized-Skateboard-Standing-Skate-Hover-Board-colores.jpg 750w\" sizes=\"auto, (max-width: 150px) 100vw, 150px\" \/><\/a><\/p>\n<p style=\"text-align: center;\">Segway &#8211; Skate Electrico<\/p>\n<\/td>\n<\/tr>\n<\/tbody>\n<\/table>\n<p>&nbsp;<\/p>\n","protected":false},"excerpt":{"rendered":"<p>Qui\u00e9nes somos? \u00a0 KC-MOTORS es una empresa con varios a\u00f1os de experiencia en el sector del motor, y profesionales del Buggy y del Quad. Somos importadores mayoristas que vendemos tanto a particulares como a comerciantes, teniendo una amplia representacion de<\/p>\n","protected":false},"author":1,"featured_media":0,"parent":0,"menu_order":10,"comment_status":"closed","ping_status":"closed","template":"","meta":{"footnotes":""},"class_list":["post-14","page","type-page","status-publish","hentry"],"_links":{"self":[{"href":"http:\/\/kc-motors.com\/web\/wp-json\/wp\/v2\/pages\/14","targetHints":{"allow":["GET"]}}],"collection":[{"href":"http:\/\/kc-motors.com\/web\/wp-json\/wp\/v2\/pages"}],"about":[{"href":"http:\/\/kc-motors.com\/web\/wp-json\/wp\/v2\/types\/page"}],"author":[{"embeddable":true,"href":"http:\/\/kc-motors.com\/web\/wp-json\/wp\/v2\/users\/1"}],"replies":[{"embeddable":true,"href":"http:\/\/kc-motors.com\/web\/wp-json\/wp\/v2\/comments?post=14"}],"version-history":[{"count":23,"href":"http:\/\/kc-motors.com\/web\/wp-json\/wp\/v2\/pages\/14\/revisions"}],"predecessor-version":[{"id":128,"href":"http:\/\/kc-motors.com\/web\/wp-json\/wp\/v2\/pages\/14\/revisions\/128"}],"wp:attachment":[{"href":"http:\/\/kc-motors.com\/web\/wp-json\/wp\/v2\/media?parent=14"}],"curies":[{"name":"wp","href":"https:\/\/api.w.org\/{rel}","templated":true}]}}